{"id":228,"date":"2025-07-21T12:43:33","date_gmt":"2025-07-21T12:43:33","guid":{"rendered":"https:\/\/punkraft.fr\/?page_id=228"},"modified":"2025-07-21T15:49:13","modified_gmt":"2025-07-21T15:49:13","slug":"l_essence_s_enflamme","status":"publish","type":"page","link":"https:\/\/punkraft.fr\/?page_id=228","title":{"rendered":"l_essence_s_enflamme"},"content":{"rendered":"\t\t<div data-elementor-type=\"wp-page\" data-elementor-id=\"228\" class=\"elementor elementor-228\">\n\t\t\t\t<div class=\"elementor-element elementor-element-4360cca e-flex e-con-boxed wpr-particle-no wpr-jarallax-no wpr-parallax-no wpr-sticky-section-no e-con e-parent\" data-id=\"4360cca\" data-element_type=\"container\">\n\t\t\t\t\t<div class=\"e-con-inner\">\n\t\t\t\t<div class=\"elementor-element elementor-element-e464804 elementor-widget elementor-widget-heading\" data-id=\"e464804\" data-element_type=\"widget\" data-widget_type=\"heading.default\">\n\t\t\t\t\t<h2 class=\"elementor-heading-title elementor-size-default\">l_essence_s_enflamme<\/h2>\t\t\t\t<\/div>\n\t\t\t\t\t<\/div>\n\t\t\t\t<\/div>\n\t\t<div class=\"elementor-element elementor-element-85ac9b7 e-con-full e-flex wpr-particle-no wpr-jarallax-no wpr-parallax-no wpr-sticky-section-no e-con e-parent\" data-id=\"85ac9b7\" data-element_type=\"container\">\n\t\t\t\t<div class=\"elementor-element elementor-element-d840b68 elementor-widget elementor-widget-video\" data-id=\"d840b68\" data-element_type=\"widget\" data-settings=\"{&quot;video_type&quot;:&quot;hosted&quot;,&quot;controls&quot;:&quot;yes&quot;}\" data-widget_type=\"video.default\">\n\t\t\t\t\t\t\t<div class=\"e-hosted-video elementor-wrapper elementor-open-inline\">\n\t\t\t\t\t<video class=\"elementor-video\" src=\"http:\/\/punkraft.fr\/wp-content\/uploads\/2025\/07\/l_essence_s_enflamme.mp4\" controls=\"\" preload=\"metadata\" controlsList=\"nodownload\"><\/video>\n\t\t\t\t<\/div>\n\t\t\t\t\t\t<\/div>\n\t\t\t\t<\/div>\n\t\t<div class=\"elementor-element elementor-element-a154fd5 e-flex e-con-boxed wpr-particle-no wpr-jarallax-no wpr-parallax-no wpr-sticky-section-no e-con e-parent\" data-id=\"a154fd5\" data-element_type=\"container\">\n\t\t\t\t\t<div class=\"e-con-inner\">\n\t\t\t\t<div class=\"elementor-element elementor-element-ce44e92 elementor-widget elementor-widget-text-editor\" data-id=\"ce44e92\" data-element_type=\"widget\" data-widget_type=\"text-editor.default\">\n\t\t\t\t\t\t\t\t\t<p>Elle s&rsquo;en va ! dit elle s&rsquo;en va<br \/>Apres l&rsquo;avoir chauff\u00e9e \u00e0 basse rotation <br \/>De reprise en acc\u00e9l\u00e9ration<br \/>Sous le capot son moteur chaud \u00e0 propulsion<br \/>Un coupl\u00e9 fort g\u00e9n\u00e9reuxx qui ne demande qu&rsquo;\u00e0 \u00eatre tir\u00e9, Vigoureux vibrant sous l&rsquo;acc\u00e9l\u00e9ration<\/p><p>Car femme comme voiture c&rsquo;est une gonzesse diesel<br \/>Un1 prototype mobile<\/p><p>A haut r\u00e9gime dynamique<br \/>Transcend\u00e9 en performances plein pot<br \/>Fougueux bolides des plaisirs prodigu\u00e9s<br \/>Pr\u00eat \u00e0 d\u00e9coller<br \/>Vas y ! vite \u00e0 toute allure\u2026<br \/>Moteur mets le turbo automatique<br \/>Jouissive d&rsquo;injection directe d&rsquo;essence<br \/>La conduire \u00e0 rugir de plaisir<\/p><p>Les sens s&rsquo;enflamment<br \/>Car femme comme voiture c&rsquo;est une gonzesse diesel<br \/>Un1 prototype mobile<\/p><p>Unique incontest\u00e9e du bitume<br \/>De son a\u00e9rodynamisme \u00e0 sa tenue de route optimale<br \/>Conduite intense en performance<br \/>Difficile d&rsquo;envisager mieux<br \/>Voyager dans l&rsquo;univers des voitures<\/p><p>A suivre\u2026<\/p>\t\t\t\t\t\t\t\t<\/div>\n\t\t\t\t\t<\/div>\n\t\t\t\t<\/div>\n\t\t\t\t<\/div>\n\t\t","protected":false},"excerpt":{"rendered":"<p>l_essence_s_enflamme http:\/\/punkraft.fr\/wp-content\/uploads\/2025\/07\/l_essence_s_enflamme.mp4 Elle s&rsquo;en va ! dit elle s&rsquo;en vaApres l&rsquo;avoir chauff\u00e9e \u00e0 basse rotation De reprise en acc\u00e9l\u00e9rationSous le capot son moteur chaud \u00e0 propulsionUn coupl\u00e9 fort g\u00e9n\u00e9reuxx qui ne demande qu&rsquo;\u00e0 \u00eatre tir\u00e9, Vigoureux vibrant sous l&rsquo;acc\u00e9l\u00e9ration Car femme comme voiture c&rsquo;est une gonzesse dieselUn1 prototype mobile A haut r\u00e9gime dynamiqueTranscend\u00e9 en performances plein potFougueux bolides des plaisirs prodigu\u00e9sPr\u00eat \u00e0 d\u00e9collerVas y ! vite \u00e0 toute allure\u2026Moteur mets le turbo automatiqueJouissive d&rsquo;injection directe d&rsquo;essenceLa conduire \u00e0 rugir de plaisir Les sens s&rsquo;enflammentCar femme comme voiture c&rsquo;est une gonzesse dieselUn1 prototype mobile Unique incontest\u00e9e du bitumeDe son a\u00e9rodynamisme \u00e0 sa tenue de route optimaleConduite intense en performanceDifficile d&rsquo;envisager mieuxVoyager dans l&rsquo;univers des voitures A suivre\u2026<\/p>\n","protected":false},"author":1,"featured_media":0,"parent":0,"menu_order":0,"comment_status":"closed","ping_status":"closed","template":"","meta":{"footnotes":""},"class_list":["post-228","page","type-page","status-publish","hentry"],"_links":{"self":[{"href":"https:\/\/punkraft.fr\/index.php?rest_route=\/wp\/v2\/pages\/228","targetHints":{"allow":["GET"]}}],"collection":[{"href":"https:\/\/punkraft.fr\/index.php?rest_route=\/wp\/v2\/pages"}],"about":[{"href":"https:\/\/punkraft.fr\/index.php?rest_route=\/wp\/v2\/types\/page"}],"author":[{"embeddable":true,"href":"https:\/\/punkraft.fr\/index.php?rest_route=\/wp\/v2\/users\/1"}],"replies":[{"embeddable":true,"href":"https:\/\/punkraft.fr\/index.php?rest_route=%2Fwp%2Fv2%2Fcomments&post=228"}],"version-history":[{"count":4,"href":"https:\/\/punkraft.fr\/index.php?rest_route=\/wp\/v2\/pages\/228\/revisions"}],"predecessor-version":[{"id":245,"href":"https:\/\/punkraft.fr\/index.php?rest_route=\/wp\/v2\/pages\/228\/revisions\/245"}],"wp:attachment":[{"href":"https:\/\/punkraft.fr\/index.php?rest_route=%2Fwp%2Fv2%2Fmedia&parent=228"}],"curies":[{"name":"wp","href":"https:\/\/api.w.org\/{rel}","templated":true}]}}