{"id":160,"date":"2025-07-21T11:27:14","date_gmt":"2025-07-21T11:27:14","guid":{"rendered":"https:\/\/punkraft.fr\/?page_id=160"},"modified":"2025-07-21T11:29:12","modified_gmt":"2025-07-21T11:29:12","slug":"xcul","status":"publish","type":"page","link":"https:\/\/punkraft.fr\/?page_id=160","title":{"rendered":"Xcul"},"content":{"rendered":"\t\t<div data-elementor-type=\"wp-page\" data-elementor-id=\"160\" class=\"elementor elementor-160\">\n\t\t\t\t<div class=\"elementor-element elementor-element-4360cca e-flex e-con-boxed wpr-particle-no wpr-jarallax-no wpr-parallax-no wpr-sticky-section-no e-con e-parent\" data-id=\"4360cca\" data-element_type=\"container\">\n\t\t\t\t\t<div class=\"e-con-inner\">\n\t\t\t\t<div class=\"elementor-element elementor-element-e464804 elementor-widget elementor-widget-heading\" data-id=\"e464804\" data-element_type=\"widget\" data-widget_type=\"heading.default\">\n\t\t\t\t\t<h2 class=\"elementor-heading-title elementor-size-default\">Xcul<\/h2>\t\t\t\t<\/div>\n\t\t\t\t\t<\/div>\n\t\t\t\t<\/div>\n\t\t<div class=\"elementor-element elementor-element-85ac9b7 e-con-full e-flex wpr-particle-no wpr-jarallax-no wpr-parallax-no wpr-sticky-section-no e-con e-parent\" data-id=\"85ac9b7\" data-element_type=\"container\">\n\t\t\t\t<div class=\"elementor-element elementor-element-d840b68 elementor-widget elementor-widget-video\" data-id=\"d840b68\" data-element_type=\"widget\" data-settings=\"{&quot;video_type&quot;:&quot;hosted&quot;,&quot;controls&quot;:&quot;yes&quot;}\" data-widget_type=\"video.default\">\n\t\t\t\t\t\t\t<div class=\"e-hosted-video elementor-wrapper elementor-open-inline\">\n\t\t\t\t\t<video class=\"elementor-video\" src=\"http:\/\/punkraft.fr\/wp-content\/uploads\/2025\/07\/xcul.mp4\" controls=\"\" preload=\"metadata\" controlsList=\"nodownload\"><\/video>\n\t\t\t\t<\/div>\n\t\t\t\t\t\t<\/div>\n\t\t\t\t<\/div>\n\t\t<div class=\"elementor-element elementor-element-a154fd5 e-flex e-con-boxed wpr-particle-no wpr-jarallax-no wpr-parallax-no wpr-sticky-section-no e-con e-parent\" data-id=\"a154fd5\" data-element_type=\"container\">\n\t\t\t\t\t<div class=\"e-con-inner\">\n\t\t\t\t<div class=\"elementor-element elementor-element-ce44e92 elementor-widget elementor-widget-text-editor\" data-id=\"ce44e92\" data-element_type=\"widget\" data-widget_type=\"text-editor.default\">\n\t\t\t\t\t\t\t\t\t<p>Les films X porno tel est le tabou !<br \/>Excuse miss, excuse mignonne !<br \/>Excuse mec, excuse les filles !<br \/>Les films X<br \/>Cuttex, excellente id\u00e9e pour un contexte<br \/>Tes baisers frictionnent, c&rsquo;est exquis<br \/>Taxi klaxonne <br \/>M\u00eame si ton ex in extremis<\/p><p>Mise \u00e0 l&rsquo;index, exasp\u00e9r\u00e9e c\u2019est exil\u00e9e<br \/>Vex\u00e9e accepte, pas de complexe<br \/>Elixir les films X<br \/>La lettre x censur\u00e9e de l&rsquo;alphabet, x <br \/>Vid\u00e9o sexe en main ce que les mecs <br \/>En manque y visionnent\u2026 <br \/>Les films X porno exquis tabou c&rsquo;est hou ! <br \/>Les films X c&rsquo;est hou tabou <br \/>Excul !<br \/>La lettre x censur\u00e9e au boxon officiel <br \/>Excuse miss, excuse mignonne! <br \/>Porno!<br \/>Excuse mec, excuse les filles !<br \/>X<br \/>A suivre\u2026 <\/p>\t\t\t\t\t\t\t\t<\/div>\n\t\t\t\t\t<\/div>\n\t\t\t\t<\/div>\n\t\t\t\t<\/div>\n\t\t","protected":false},"excerpt":{"rendered":"<p>Xcul http:\/\/punkraft.fr\/wp-content\/uploads\/2025\/07\/xcul.mp4 Les films X porno tel est le tabou !Excuse miss, excuse mignonne !Excuse mec, excuse les filles !Les films XCuttex, excellente id\u00e9e pour un contexteTes baisers frictionnent, c&rsquo;est exquisTaxi klaxonne M\u00eame si ton ex in extremis Mise \u00e0 l&rsquo;index, exasp\u00e9r\u00e9e c\u2019est exil\u00e9eVex\u00e9e accepte, pas de complexeElixir les films XLa lettre x censur\u00e9e de l&rsquo;alphabet, x Vid\u00e9o sexe en main ce que les mecs En manque y visionnent\u2026 Les films X porno exquis tabou c&rsquo;est hou ! Les films X c&rsquo;est hou tabou Excul !La lettre x censur\u00e9e au boxon officiel Excuse miss, excuse mignonne! Porno!Excuse mec, excuse les filles !XA suivre\u2026<\/p>\n","protected":false},"author":1,"featured_media":0,"parent":0,"menu_order":0,"comment_status":"closed","ping_status":"closed","template":"","meta":{"footnotes":""},"class_list":["post-160","page","type-page","status-publish","hentry"],"_links":{"self":[{"href":"https:\/\/punkraft.fr\/index.php?rest_route=\/wp\/v2\/pages\/160","targetHints":{"allow":["GET"]}}],"collection":[{"href":"https:\/\/punkraft.fr\/index.php?rest_route=\/wp\/v2\/pages"}],"about":[{"href":"https:\/\/punkraft.fr\/index.php?rest_route=\/wp\/v2\/types\/page"}],"author":[{"embeddable":true,"href":"https:\/\/punkraft.fr\/index.php?rest_route=\/wp\/v2\/users\/1"}],"replies":[{"embeddable":true,"href":"https:\/\/punkraft.fr\/index.php?rest_route=%2Fwp%2Fv2%2Fcomments&post=160"}],"version-history":[{"count":4,"href":"https:\/\/punkraft.fr\/index.php?rest_route=\/wp\/v2\/pages\/160\/revisions"}],"predecessor-version":[{"id":165,"href":"https:\/\/punkraft.fr\/index.php?rest_route=\/wp\/v2\/pages\/160\/revisions\/165"}],"wp:attachment":[{"href":"https:\/\/punkraft.fr\/index.php?rest_route=%2Fwp%2Fv2%2Fmedia&parent=160"}],"curies":[{"name":"wp","href":"https:\/\/api.w.org\/{rel}","templated":true}]}}