{"id":133,"date":"2025-07-21T11:16:39","date_gmt":"2025-07-21T11:16:39","guid":{"rendered":"https:\/\/punkraft.fr\/?page_id=133"},"modified":"2025-07-21T12:42:24","modified_gmt":"2025-07-21T12:42:24","slug":"apocalyptic","status":"publish","type":"page","link":"https:\/\/punkraft.fr\/?page_id=133","title":{"rendered":"apocalyptic"},"content":{"rendered":"\t\t<div data-elementor-type=\"wp-page\" data-elementor-id=\"133\" class=\"elementor elementor-133\">\n\t\t\t\t<div class=\"elementor-element elementor-element-4360cca e-flex e-con-boxed wpr-particle-no wpr-jarallax-no wpr-parallax-no wpr-sticky-section-no e-con e-parent\" data-id=\"4360cca\" data-element_type=\"container\">\n\t\t\t\t\t<div class=\"e-con-inner\">\n\t\t\t\t<div class=\"elementor-element elementor-element-e464804 elementor-widget elementor-widget-heading\" data-id=\"e464804\" data-element_type=\"widget\" data-widget_type=\"heading.default\">\n\t\t\t\t\t<h2 class=\"elementor-heading-title elementor-size-default\">Apocalyptic<\/h2>\t\t\t\t<\/div>\n\t\t\t\t\t<\/div>\n\t\t\t\t<\/div>\n\t\t<div class=\"elementor-element elementor-element-85ac9b7 e-con-full e-flex wpr-particle-no wpr-jarallax-no wpr-parallax-no wpr-sticky-section-no e-con e-parent\" data-id=\"85ac9b7\" data-element_type=\"container\">\n\t\t\t\t<div class=\"elementor-element elementor-element-d840b68 elementor-widget elementor-widget-video\" data-id=\"d840b68\" data-element_type=\"widget\" data-settings=\"{&quot;video_type&quot;:&quot;hosted&quot;,&quot;controls&quot;:&quot;yes&quot;}\" data-widget_type=\"video.default\">\n\t\t\t\t\t\t\t<div class=\"e-hosted-video elementor-wrapper elementor-open-inline\">\n\t\t\t\t\t<video class=\"elementor-video\" src=\"http:\/\/punkraft.fr\/wp-content\/uploads\/2025\/07\/apocalyptic.mp4\" controls=\"\" preload=\"metadata\" controlsList=\"nodownload\"><\/video>\n\t\t\t\t<\/div>\n\t\t\t\t\t\t<\/div>\n\t\t\t\t<\/div>\n\t\t<div class=\"elementor-element elementor-element-a154fd5 e-flex e-con-boxed wpr-particle-no wpr-jarallax-no wpr-parallax-no wpr-sticky-section-no e-con e-parent\" data-id=\"a154fd5\" data-element_type=\"container\">\n\t\t\t\t\t<div class=\"e-con-inner\">\n\t\t\t\t<div class=\"elementor-element elementor-element-ce44e92 elementor-widget elementor-widget-text-editor\" data-id=\"ce44e92\" data-element_type=\"widget\" data-widget_type=\"text-editor.default\">\n\t\t\t\t\t\t\t\t\t<p>6,4,3,2,1,0, un jour en joie l&rsquo;apocalypse bis<br \/>Les secondes sont des heures<br \/>Les heures sont des ann\u00e9es<br \/>Les ann\u00e9es sont des si\u00e8cles, Dieu<br \/>Pour faire de terre l&rsquo;enfer<br \/>Du paradis perdu retrouv\u00e9<br \/>Nul sait le jour ni l&rsquo;heure.<\/p><p>Vis, meurs, ici, ailleurs sur peur hair, aimer,<br \/>Silence, bruit, serre, d\u00e9visse, mouille, sec, plein vide<br \/>Et vis et vice versaille \u00e0 l&rsquo;instar Dieu tarde.<\/p><p>Le compte \u00e0 rebours a commenc\u00e9,<br \/>Ici orgie avanc\u00e9e, un jour en joie l&rsquo;apocalypse.<\/p><p>Terrien t&rsquo;es tout, t&rsquo;es rien du tout <br \/>Terrien t&rsquo;as rien du grand manitou<\/p><p>Pour faire de terre l&rsquo;enfer <br \/>Du paradis perdu retrouv\u00e9<br \/>Nul sait le jour ni l&rsquo;heure<br \/>A suivre\u2026<\/p>\t\t\t\t\t\t\t\t<\/div>\n\t\t\t\t\t<\/div>\n\t\t\t\t<\/div>\n\t\t\t\t<\/div>\n\t\t","protected":false},"excerpt":{"rendered":"<p>Apocalyptic http:\/\/punkraft.fr\/wp-content\/uploads\/2025\/07\/apocalyptic.mp4 6,4,3,2,1,0, un jour en joie l&rsquo;apocalypse bisLes secondes sont des heuresLes heures sont des ann\u00e9esLes ann\u00e9es sont des si\u00e8cles, DieuPour faire de terre l&rsquo;enferDu paradis perdu retrouv\u00e9Nul sait le jour ni l&rsquo;heure. Vis, meurs, ici, ailleurs sur peur hair, aimer,Silence, bruit, serre, d\u00e9visse, mouille, sec, plein videEt vis et vice versaille \u00e0 l&rsquo;instar Dieu tarde. Le compte \u00e0 rebours a commenc\u00e9,Ici orgie avanc\u00e9e, un jour en joie l&rsquo;apocalypse. Terrien t&rsquo;es tout, t&rsquo;es rien du tout Terrien t&rsquo;as rien du grand manitou Pour faire de terre l&rsquo;enfer Du paradis perdu retrouv\u00e9Nul sait le jour ni l&rsquo;heureA suivre\u2026<\/p>\n","protected":false},"author":1,"featured_media":0,"parent":0,"menu_order":0,"comment_status":"closed","ping_status":"closed","template":"","meta":{"footnotes":""},"class_list":["post-133","page","type-page","status-publish","hentry"],"_links":{"self":[{"href":"https:\/\/punkraft.fr\/index.php?rest_route=\/wp\/v2\/pages\/133","targetHints":{"allow":["GET"]}}],"collection":[{"href":"https:\/\/punkraft.fr\/index.php?rest_route=\/wp\/v2\/pages"}],"about":[{"href":"https:\/\/punkraft.fr\/index.php?rest_route=\/wp\/v2\/types\/page"}],"author":[{"embeddable":true,"href":"https:\/\/punkraft.fr\/index.php?rest_route=\/wp\/v2\/users\/1"}],"replies":[{"embeddable":true,"href":"https:\/\/punkraft.fr\/index.php?rest_route=%2Fwp%2Fv2%2Fcomments&post=133"}],"version-history":[{"count":6,"href":"https:\/\/punkraft.fr\/index.php?rest_route=\/wp\/v2\/pages\/133\/revisions"}],"predecessor-version":[{"id":224,"href":"https:\/\/punkraft.fr\/index.php?rest_route=\/wp\/v2\/pages\/133\/revisions\/224"}],"wp:attachment":[{"href":"https:\/\/punkraft.fr\/index.php?rest_route=%2Fwp%2Fv2%2Fmedia&parent=133"}],"curies":[{"name":"wp","href":"https:\/\/api.w.org\/{rel}","templated":true}]}}